{"id":13,"date":"2019-02-04T22:27:40","date_gmt":"2019-02-04T22:27:40","guid":{"rendered":"http:\/\/homoeopathie-moltrecht.de\/?page_id=13"},"modified":"2019-04-05T11:07:36","modified_gmt":"2019-04-05T11:07:36","slug":"homoeopathie","status":"publish","type":"page","link":"https:\/\/homoeopathie-moltrecht.de\/?page_id=13","title":{"rendered":"Hom\u00f6opathie"},"content":{"rendered":"\n<p><\/p>\n\n\n\n<div class=\"wp-block-media-text alignwide has-media-on-the-right is-stacked-on-mobile\" style=\"grid-template-columns:auto 37%\"><figure class=\"wp-block-media-text__media\"><img loading=\"lazy\" decoding=\"async\" width=\"639\" height=\"426\" src=\"http:\/\/homoeopathie-moltrecht.de\/wp-content\/uploads\/2019\/02\/Unbenannte-Anlage-00010.jpg\" alt=\"\" class=\"wp-image-178\" srcset=\"https:\/\/homoeopathie-moltrecht.de\/wp-content\/uploads\/2019\/02\/Unbenannte-Anlage-00010.jpg 639w, https:\/\/homoeopathie-moltrecht.de\/wp-content\/uploads\/2019\/02\/Unbenannte-Anlage-00010-300x200.jpg 300w\" sizes=\"auto, (max-width: 639px) 100vw, 639px\" \/><\/figure><div class=\"wp-block-media-text__content\">\n<p class=\"has-drop-cap\">Die klassische Hom\u00f6opathie ist eine sanfte, den Menschen in seiner Gesamtheit sehende, naturheilkundliche Therapieform. Sie beruht auf dem Wissen Ihres Begr\u00fcnders, des Mediziners Christian Samuel Hahnemann (1755-1843). <br>Vor der Verordnung eines passenden hom\u00f6opathischen Mittels steht mein ausf\u00fchrliches, pers\u00f6nliches Anamnese-Gespr\u00e4ch, bei dem ich mir ein umfassendes Bild \u00fcber den Grund Ihres Kommens verschaffe. Nach dem Prinzip \u201esimila similibus currentur\u201c (\u00e4hnliches wird durch \u00e4hnliches geheilt), w\u00e4hle ich aus hunderten m\u00f6glicher Arzneisubstanzen die f\u00fcr Sie passende hom\u00f6opathische Arznei aus.<br><\/p>\n\n\n\n<p><h1 style=\"text-align:center\"><font color=\"#E35480\"><em>Das h\u00f6chste Ideal der Heilung ist die schnelle, sanfte und dauerhafte<\/em><br><em>Wiederherstellung der Gesundheit.<\/em><\/font><\/h1><\/p>\n\n\n\n<p>Hom\u00f6opathische Arzneien wirken sanft, ohne ihrerseits zu schaden, deswegen eignen sie sich insbesondere auch f\u00fcr die Behandlung von Kindern. <\/p>\n<\/div><\/div>\n\n\n\n<p><\/p>\n","protected":false},"excerpt":{"rendered":"<p>Die klassische Hom\u00f6opathie ist eine sanfte, den Menschen in seiner Gesamtheit sehende, naturheilkundliche Therapieform. Sie beruht auf dem Wissen Ihres Begr\u00fcnders, des Mediziners Christian Samuel Hahnemann (1755-1843). Vor der Verordnung eines passenden hom\u00f6opathischen Mittels steht mein ausf\u00fchrliches, pers\u00f6nliches Anamnese-Gespr\u00e4ch, bei dem ich mir ein umfassendes Bild \u00fcber den Grund Ihres Kommens verschaffe. Nach dem Prinzip [&hellip;]<\/p>\n","protected":false},"author":1,"featured_media":0,"parent":0,"menu_order":0,"comment_status":"closed","ping_status":"closed","template":"","meta":{"ocean_post_layout":"","ocean_both_sidebars_style":"","ocean_both_sidebars_content_width":0,"ocean_both_sidebars_sidebars_width":0,"ocean_sidebar":"0","ocean_second_sidebar":"0","ocean_disable_margins":"enable","ocean_add_body_class":"","ocean_shortcode_before_top_bar":"","ocean_shortcode_after_top_bar":"","ocean_shortcode_before_header":"","ocean_shortcode_after_header":"","ocean_has_shortcode":"","ocean_shortcode_after_title":"","ocean_shortcode_before_footer_widgets":"","ocean_shortcode_after_footer_widgets":"","ocean_shortcode_before_footer_bottom":"","ocean_shortcode_after_footer_bottom":"","ocean_display_top_bar":"default","ocean_display_header":"default","ocean_header_style":"","ocean_center_header_left_menu":"0","ocean_custom_header_template":"0","ocean_custom_logo":0,"ocean_custom_retina_logo":0,"ocean_custom_logo_max_width":0,"ocean_custom_logo_tablet_max_width":0,"ocean_custom_logo_mobile_max_width":0,"ocean_custom_logo_max_height":0,"ocean_custom_logo_tablet_max_height":0,"ocean_custom_logo_mobile_max_height":0,"ocean_header_custom_menu":"0","ocean_menu_typo_font_family":"0","ocean_menu_typo_font_subset":"","ocean_menu_typo_font_size":0,"ocean_menu_typo_font_size_tablet":0,"ocean_menu_typo_font_size_mobile":0,"ocean_menu_typo_font_size_unit":"px","ocean_menu_typo_font_weight":"","ocean_menu_typo_font_weight_tablet":"","ocean_menu_typo_font_weight_mobile":"","ocean_menu_typo_transform":"","ocean_menu_typo_transform_tablet":"","ocean_menu_typo_transform_mobile":"","ocean_menu_typo_line_height":0,"ocean_menu_typo_line_height_tablet":0,"ocean_menu_typo_line_height_mobile":0,"ocean_menu_typo_line_height_unit":"","ocean_menu_typo_spacing":0,"ocean_menu_typo_spacing_tablet":0,"ocean_menu_typo_spacing_mobile":0,"ocean_menu_typo_spacing_unit":"","ocean_menu_link_color":"","ocean_menu_link_color_hover":"","ocean_menu_link_color_active":"","ocean_menu_link_background":"","ocean_menu_link_hover_background":"","ocean_menu_link_active_background":"","ocean_menu_social_links_bg":"","ocean_menu_social_hover_links_bg":"","ocean_menu_social_links_color":"","ocean_menu_social_hover_links_color":"","ocean_disable_title":"default","ocean_disable_heading":"default","ocean_post_title":"","ocean_post_subheading":"","ocean_post_title_style":"","ocean_post_title_background_color":"","ocean_post_title_background":0,"ocean_post_title_bg_image_position":"","ocean_post_title_bg_image_attachment":"","ocean_post_title_bg_image_repeat":"","ocean_post_title_bg_image_size":"","ocean_post_title_height":0,"ocean_post_title_bg_overlay":0.5,"ocean_post_title_bg_overlay_color":"","ocean_disable_breadcrumbs":"on","ocean_breadcrumbs_color":"","ocean_breadcrumbs_separator_color":"","ocean_breadcrumbs_links_color":"","ocean_breadcrumbs_links_hover_color":"","ocean_display_footer_widgets":"default","ocean_display_footer_bottom":"default","ocean_custom_footer_template":"0","footnotes":""},"class_list":["post-13","page","type-page","status-publish","hentry","entry"],"_links":{"self":[{"href":"https:\/\/homoeopathie-moltrecht.de\/index.php?rest_route=\/wp\/v2\/pages\/13","targetHints":{"allow":["GET"]}}],"collection":[{"href":"https:\/\/homoeopathie-moltrecht.de\/index.php?rest_route=\/wp\/v2\/pages"}],"about":[{"href":"https:\/\/homoeopathie-moltrecht.de\/index.php?rest_route=\/wp\/v2\/types\/page"}],"author":[{"embeddable":true,"href":"https:\/\/homoeopathie-moltrecht.de\/index.php?rest_route=\/wp\/v2\/users\/1"}],"replies":[{"embeddable":true,"href":"https:\/\/homoeopathie-moltrecht.de\/index.php?rest_route=%2Fwp%2Fv2%2Fcomments&post=13"}],"version-history":[{"count":28,"href":"https:\/\/homoeopathie-moltrecht.de\/index.php?rest_route=\/wp\/v2\/pages\/13\/revisions"}],"predecessor-version":[{"id":429,"href":"https:\/\/homoeopathie-moltrecht.de\/index.php?rest_route=\/wp\/v2\/pages\/13\/revisions\/429"}],"wp:attachment":[{"href":"https:\/\/homoeopathie-moltrecht.de\/index.php?rest_route=%2Fwp%2Fv2%2Fmedia&parent=13"}],"curies":[{"name":"wp","href":"https:\/\/api.w.org\/{rel}","templated":true}]}}