{"id":58,"date":"2019-02-05T17:55:28","date_gmt":"2019-02-05T17:55:28","guid":{"rendered":"http:\/\/homoeopathie-moltrecht.de\/?page_id=58"},"modified":"2019-02-26T14:37:04","modified_gmt":"2019-02-26T14:37:04","slug":"praxis","status":"publish","type":"page","link":"https:\/\/homoeopathie-moltrecht.de\/?page_id=58","title":{"rendered":"Praxis"},"content":{"rendered":"\n<div class=\"wp-block-media-text alignfull is-stacked-on-mobile\" style=\"grid-template-columns:39% auto\"><figure class=\"wp-block-media-text__media\"><img loading=\"lazy\" decoding=\"async\" width=\"639\" height=\"437\" src=\"http:\/\/homoeopathie-moltrecht.de\/wp-content\/uploads\/2019\/02\/praxis.jpg\" alt=\"\" class=\"wp-image-189\" srcset=\"https:\/\/homoeopathie-moltrecht.de\/wp-content\/uploads\/2019\/02\/praxis.jpg 639w, https:\/\/homoeopathie-moltrecht.de\/wp-content\/uploads\/2019\/02\/praxis-300x205.jpg 300w\" sizes=\"auto, (max-width: 639px) 100vw, 639px\" \/><\/figure><div class=\"wp-block-media-text__content\">\n<p><\/p>\n\n\n\n<p class=\"has-drop-cap\">Meine Praxisr\u00e4ume liegen zentral im Herzen von Hamburg Blankenese, in einer Gemeinschaftspraxis zusammen mit anderen Therapeuten.<br>Hier behandele ich Sie unter hom\u00f6opatischen oder kinesiologischen Gesichtspunkten, ganz nach Ihren pers\u00f6nlichen Bed\u00fcrfnissen oder Beschwerden.<br>Sie w\u00fcrden mich vor einer Terminabsprache lieber erst pers\u00f6nlich kennenlernen und Ihre Fragen mit mir besprechen?<br>Dann biete ich ihnen gerne ein kurzes, kostenloses Vorgespr\u00e4ch in meiner Praxis an. Ich freue mich auf Ihren Anruf!<\/p>\n<\/div><\/div>\n\n\n\n<p style=\"text-align:left\"> <\/p>\n","protected":false},"excerpt":{"rendered":"<p>Meine Praxisr\u00e4ume liegen zentral im Herzen von Hamburg Blankenese, in einer Gemeinschaftspraxis zusammen mit anderen Therapeuten.Hier behandele ich Sie unter hom\u00f6opatischen oder kinesiologischen Gesichtspunkten, ganz nach Ihren pers\u00f6nlichen Bed\u00fcrfnissen oder Beschwerden.Sie w\u00fcrden mich vor einer Terminabsprache lieber erst pers\u00f6nlich kennenlernen und Ihre Fragen mit mir besprechen?Dann biete ich ihnen gerne ein kurzes, kostenloses Vorgespr\u00e4ch in [&hellip;]<\/p>\n","protected":false},"author":1,"featured_media":0,"parent":0,"menu_order":0,"comment_status":"closed","ping_status":"closed","template":"","meta":{"ocean_post_layout":"","ocean_both_sidebars_style":"","ocean_both_sidebars_content_width":0,"ocean_both_sidebars_sidebars_width":0,"ocean_sidebar":"0","ocean_second_sidebar":"0","ocean_disable_margins":"enable","ocean_add_body_class":"","ocean_shortcode_before_top_bar":"","ocean_shortcode_after_top_bar":"","ocean_shortcode_before_header":"","ocean_shortcode_after_header":"","ocean_has_shortcode":"","ocean_shortcode_after_title":"","ocean_shortcode_before_footer_widgets":"","ocean_shortcode_after_footer_widgets":"","ocean_shortcode_before_footer_bottom":"","ocean_shortcode_after_footer_bottom":"","ocean_display_top_bar":"default","ocean_display_header":"default","ocean_header_style":"","ocean_center_header_left_menu":"0","ocean_custom_header_template":"0","ocean_custom_logo":0,"ocean_custom_retina_logo":0,"ocean_custom_logo_max_width":0,"ocean_custom_logo_tablet_max_width":0,"ocean_custom_logo_mobile_max_width":0,"ocean_custom_logo_max_height":0,"ocean_custom_logo_tablet_max_height":0,"ocean_custom_logo_mobile_max_height":0,"ocean_header_custom_menu":"0","ocean_menu_typo_font_family":"0","ocean_menu_typo_font_subset":"","ocean_menu_typo_font_size":0,"ocean_menu_typo_font_size_tablet":0,"ocean_menu_typo_font_size_mobile":0,"ocean_menu_typo_font_size_unit":"px","ocean_menu_typo_font_weight":"","ocean_menu_typo_font_weight_tablet":"","ocean_menu_typo_font_weight_mobile":"","ocean_menu_typo_transform":"","ocean_menu_typo_transform_tablet":"","ocean_menu_typo_transform_mobile":"","ocean_menu_typo_line_height":0,"ocean_menu_typo_line_height_tablet":0,"ocean_menu_typo_line_height_mobile":0,"ocean_menu_typo_line_height_unit":"","ocean_menu_typo_spacing":0,"ocean_menu_typo_spacing_tablet":0,"ocean_menu_typo_spacing_mobile":0,"ocean_menu_typo_spacing_unit":"","ocean_menu_link_color":"","ocean_menu_link_color_hover":"","ocean_menu_link_color_active":"","ocean_menu_link_background":"","ocean_menu_link_hover_background":"","ocean_menu_link_active_background":"","ocean_menu_social_links_bg":"","ocean_menu_social_hover_links_bg":"","ocean_menu_social_links_color":"","ocean_menu_social_hover_links_color":"","ocean_disable_title":"default","ocean_disable_heading":"default","ocean_post_title":"","ocean_post_subheading":"","ocean_post_title_style":"","ocean_post_title_background_color":"","ocean_post_title_background":0,"ocean_post_title_bg_image_position":"","ocean_post_title_bg_image_attachment":"","ocean_post_title_bg_image_repeat":"","ocean_post_title_bg_image_size":"","ocean_post_title_height":0,"ocean_post_title_bg_overlay":0.5,"ocean_post_title_bg_overlay_color":"","ocean_disable_breadcrumbs":"default","ocean_breadcrumbs_color":"","ocean_breadcrumbs_separator_color":"","ocean_breadcrumbs_links_color":"","ocean_breadcrumbs_links_hover_color":"","ocean_display_footer_widgets":"default","ocean_display_footer_bottom":"default","ocean_custom_footer_template":"0","footnotes":""},"class_list":["post-58","page","type-page","status-publish","hentry","entry"],"_links":{"self":[{"href":"https:\/\/homoeopathie-moltrecht.de\/index.php?rest_route=\/wp\/v2\/pages\/58","targetHints":{"allow":["GET"]}}],"collection":[{"href":"https:\/\/homoeopathie-moltrecht.de\/index.php?rest_route=\/wp\/v2\/pages"}],"about":[{"href":"https:\/\/homoeopathie-moltrecht.de\/index.php?rest_route=\/wp\/v2\/types\/page"}],"author":[{"embeddable":true,"href":"https:\/\/homoeopathie-moltrecht.de\/index.php?rest_route=\/wp\/v2\/users\/1"}],"replies":[{"embeddable":true,"href":"https:\/\/homoeopathie-moltrecht.de\/index.php?rest_route=%2Fwp%2Fv2%2Fcomments&post=58"}],"version-history":[{"count":12,"href":"https:\/\/homoeopathie-moltrecht.de\/index.php?rest_route=\/wp\/v2\/pages\/58\/revisions"}],"predecessor-version":[{"id":328,"href":"https:\/\/homoeopathie-moltrecht.de\/index.php?rest_route=\/wp\/v2\/pages\/58\/revisions\/328"}],"wp:attachment":[{"href":"https:\/\/homoeopathie-moltrecht.de\/index.php?rest_route=%2Fwp%2Fv2%2Fmedia&parent=58"}],"curies":[{"name":"wp","href":"https:\/\/api.w.org\/{rel}","templated":true}]}}